{"id":60,"date":"2025-04-23T11:58:26","date_gmt":"2025-04-23T09:58:26","guid":{"rendered":"https:\/\/grupalliguitars.com\/espanol\/bio\/"},"modified":"2025-05-03T06:33:46","modified_gmt":"2025-05-03T04:33:46","slug":"biografia","status":"publish","type":"page","link":"https:\/\/grupalliguitars.com\/espanol\/biografia\/","title":{"rendered":"Biograf\u00eda"},"content":{"rendered":"\t\t<div data-elementor-type=\"wp-page\" data-elementor-id=\"60\" class=\"elementor elementor-60\">\n\t\t\t\t<div class=\"elementor-element elementor-element-7dac35e2 e-flex e-con-boxed wpr-particle-no wpr-jarallax-no wpr-parallax-no wpr-sticky-section-no e-con e-parent\" data-id=\"7dac35e2\" data-element_type=\"container\" data-settings=\"{&quot;background_background&quot;:&quot;classic&quot;}\">\n\t\t\t\t\t<div class=\"e-con-inner\">\n\t\t<div class=\"elementor-element elementor-element-2476662c e-con-full e-flex wpr-particle-no wpr-jarallax-no wpr-parallax-no wpr-sticky-section-no e-con e-child\" data-id=\"2476662c\" data-element_type=\"container\">\n\t\t<div class=\"elementor-element elementor-element-52afc7ab e-con-full e-flex wpr-particle-no wpr-jarallax-no wpr-parallax-no wpr-sticky-section-no e-con e-child\" data-id=\"52afc7ab\" data-element_type=\"container\">\n\t\t\t\t<div class=\"elementor-element elementor-element-70bd8526 elementor-widget elementor-widget-image\" data-id=\"70bd8526\" data-element_type=\"widget\" data-widget_type=\"image.default\">\n\t\t\t\t<div class=\"elementor-widget-container\">\n\t\t\t\t\t\t\t\t\t\t\t\t\t\t\t<img fetchpriority=\"high\" decoding=\"async\" width=\"768\" height=\"977\" src=\"https:\/\/grupalliguitars.com\/espanol\/wp-content\/uploads\/2025\/04\/bio_-1-768x977.png\" class=\"attachment-medium_large size-medium_large wp-image-18\" alt=\"\" srcset=\"https:\/\/grupalliguitars.com\/espanol\/wp-content\/uploads\/2025\/04\/bio_-1-768x977.png 768w, https:\/\/grupalliguitars.com\/espanol\/wp-content\/uploads\/2025\/04\/bio_-1-236x300.png 236w, https:\/\/grupalliguitars.com\/espanol\/wp-content\/uploads\/2025\/04\/bio_-1-805x1024.png 805w, https:\/\/grupalliguitars.com\/espanol\/wp-content\/uploads\/2025\/04\/bio_-1.png 1200w\" sizes=\"(max-width: 768px) 100vw, 768px\" \/>\t\t\t\t\t\t\t\t\t\t\t\t\t\t\t<\/div>\n\t\t\t\t<\/div>\n\t\t\t\t<div class=\"elementor-element elementor-element-1ad22a14 elementor-widget elementor-widget-image\" data-id=\"1ad22a14\" data-element_type=\"widget\" data-widget_type=\"image.default\">\n\t\t\t\t<div class=\"elementor-widget-container\">\n\t\t\t\t\t\t\t\t\t\t\t\t\t\t\t<img decoding=\"async\" width=\"768\" height=\"1152\" src=\"https:\/\/grupalliguitars.com\/espanol\/wp-content\/uploads\/2025\/04\/DSC0063-scaled-1-768x1152.jpg\" class=\"attachment-medium_large size-medium_large wp-image-35\" alt=\"\" srcset=\"https:\/\/grupalliguitars.com\/espanol\/wp-content\/uploads\/2025\/04\/DSC0063-scaled-1-768x1152.jpg 768w, https:\/\/grupalliguitars.com\/espanol\/wp-content\/uploads\/2025\/04\/DSC0063-scaled-1-200x300.jpg 200w, https:\/\/grupalliguitars.com\/espanol\/wp-content\/uploads\/2025\/04\/DSC0063-scaled-1-683x1024.jpg 683w, https:\/\/grupalliguitars.com\/espanol\/wp-content\/uploads\/2025\/04\/DSC0063-scaled-1-1024x1536.jpg 1024w, https:\/\/grupalliguitars.com\/espanol\/wp-content\/uploads\/2025\/04\/DSC0063-scaled-1-1366x2048.jpg 1366w, https:\/\/grupalliguitars.com\/espanol\/wp-content\/uploads\/2025\/04\/DSC0063-scaled-1.jpg 1707w\" sizes=\"(max-width: 768px) 100vw, 768px\" \/>\t\t\t\t\t\t\t\t\t\t\t\t\t\t\t<\/div>\n\t\t\t\t<\/div>\n\t\t\t\t<\/div>\n\t\t<div class=\"elementor-element elementor-element-3459c84d e-con-full e-flex wpr-particle-no wpr-jarallax-no wpr-parallax-no wpr-sticky-section-no e-con e-child\" data-id=\"3459c84d\" data-element_type=\"container\">\n\t\t\t\t<div class=\"elementor-element elementor-element-4611ab1c elementor-widget elementor-widget-heading\" data-id=\"4611ab1c\" data-element_type=\"widget\" data-widget_type=\"heading.default\">\n\t\t\t\t<div class=\"elementor-widget-container\">\n\t\t\t\t\t<h2 class=\"elementor-heading-title elementor-size-default\">BIO<\/h2>\t\t\t\t<\/div>\n\t\t\t\t<\/div>\n\t\t\t\t<div class=\"elementor-element elementor-element-2bdf0739 elementor-widget-divider--separator-type-pattern elementor-widget-divider--no-spacing elementor-widget-divider--view-line elementor-widget elementor-widget-divider\" data-id=\"2bdf0739\" data-element_type=\"widget\" data-widget_type=\"divider.default\">\n\t\t\t\t<div class=\"elementor-widget-container\">\n\t\t\t\t\t\t\t<div class=\"elementor-divider\" style=\"--divider-pattern-url: url(&quot;data:image\/svg+xml,%3Csvg xmlns=&#039;http:\/\/www.w3.org\/2000\/svg&#039; preserveAspectRatio=&#039;xMidYMid meet&#039; overflow=&#039;visible&#039; height=&#039;100%&#039; viewBox=&#039;0 0 126 26&#039; fill=&#039;black&#039; stroke=&#039;none&#039;%3E%3Cpath d=&#039;M3,10.2c2.6,0,2.6,2,2.6,3.2S4.4,16.5,3,16.5s-3-1.4-3-3.2S0.4,10.2,3,10.2z M18.8,10.2c1.7,0,3.2,1.4,3.2,3.2s-1.4,3.2-3.2,3.2c-1.7,0-3.2-1.4-3.2-3.2S17,10.2,18.8,10.2z M34.6,10.2c1.5,0,2.6,1.4,2.6,3.2s-0.5,3.2-1.9,3.2c-1.5,0-3.4-1.4-3.4-3.2S33.1,10.2,34.6,10.2z M50.5,10.2c1.7,0,3.2,1.4,3.2,3.2s-1.4,3.2-3.2,3.2c-1.7,0-3.3-0.9-3.3-2.6S48.7,10.2,50.5,10.2z M66.2,10.2c1.5,0,3.4,1.4,3.4,3.2s-1.9,3.2-3.4,3.2c-1.5,0-2.6-0.4-2.6-2.1S64.8,10.2,66.2,10.2z M82.2,10.2c1.7,0.8,2.6,1.4,2.6,3.2s-0.1,3.2-1.6,3.2c-1.5,0-3.7-1.4-3.7-3.2S80.5,9.4,82.2,10.2zM98.6,10.2c1.5,0,2.6,0.4,2.6,2.1s-1.2,4.2-2.6,4.2c-1.5,0-3.7-0.4-3.7-2.1S97.1,10.2,98.6,10.2z M113.4,10.2c1.2,0,2.2,0.9,2.2,3.2s-0.1,3.2-1.3,3.2s-3.1-1.4-3.1-3.2S112.2,10.2,113.4,10.2z&#039;\/%3E%3C\/svg%3E&quot;);\">\n\t\t\t<span class=\"elementor-divider-separator\">\n\t\t\t\t\t\t<\/span>\n\t\t<\/div>\n\t\t\t\t\t\t<\/div>\n\t\t\t\t<\/div>\n\t\t\t\t<div class=\"elementor-element elementor-element-76e6f539 elementor-widget elementor-widget-elementskit-heading\" data-id=\"76e6f539\" data-element_type=\"widget\" data-widget_type=\"elementskit-heading.default\">\n\t\t\t\t<div class=\"elementor-widget-container\">\n\t\t\t\t\t<div class=\"ekit-wid-con\" ><div class=\"ekit-heading elementskit-section-title-wraper text_left   ekit_heading_tablet-   ekit_heading_mobile-\">\t\t\t\t<div class='ekit-heading__description'>\n\t\t\t\t\t<p class=\"p1\">Aprend\u00ed la construcci\u00f3n de guitarras en 1998 con los maestros lutieres Joaqu\u00edn Garc\u00eda Fern\u00e1ndez y Stephen Hill. Luego segu\u00ed mi formaci\u00f3n en la Universidad de San Miguel de Tucum\u00e1n en Argentina y en 2009 obtuve mi diploma de lutier en la escuela de Newark en Trent (Inglaterra).<\/p>\n<p>\u00a0<\/p>\n<p class=\"p1\">La obra de ciertos grandes maestros me inspir\u00f3 para construir mis guitarras (Antonio de Torres, Herman Hauser I, Ignacio Fleta). Utilizo m\u00e9todos tradicionales y maderas antiguas para fabricar mis guitarras.<\/p>\n<p>\u00a0<\/p>\n<p>Eleg\u00ed establecerme en la ciudad de Mirecourt, Francia, por su rica historia en la fabricaci\u00f3n de instrumentos de cuerda.<\/p>\n\t\t\t\t<\/div>\n\t\t\t<\/div><\/div>\t\t\t\t<\/div>\n\t\t\t\t<\/div>\n\t\t\t\t<\/div>\n\t\t\t\t<\/div>\n\t\t\t\t\t<\/div>\n\t\t\t\t<\/div>\n\t\t\t\t<\/div>\n\t\t","protected":false},"excerpt":{"rendered":"<p>BIO Aprend\u00ed la construcci\u00f3n de guitarras en 1998 con los maestros lutieres Joaqu\u00edn Garc\u00eda Fern\u00e1ndez y Stephen Hill. Luego segu\u00ed mi formaci\u00f3n en la Universidad de San Miguel de Tucum\u00e1n en Argentina y en 2009 obtuve mi diploma de lutier en la escuela de Newark en Trent (Inglaterra). \u00a0 La obra de ciertos grandes maestros me inspir\u00f3 para construir mis guitarras (Antonio de Torres, Herman Hauser I, Ignacio Fleta). Utilizo m\u00e9todos tradicionales y maderas antiguas para fabricar mis guitarras. \u00a0 Eleg\u00ed establecerme en la ciudad de Mirecourt, Francia, por su rica historia en la fabricaci\u00f3n de instrumentos de cuerda.<\/p>\n","protected":false},"author":1,"featured_media":0,"parent":0,"menu_order":0,"comment_status":"closed","ping_status":"closed","template":"elementor_header_footer","meta":{"footnotes":""},"class_list":["post-60","page","type-page","status-publish","hentry"],"yoast_head":"<!-- This site is optimized with the Yoast SEO plugin v25.1 - https:\/\/yoast.com\/wordpress\/plugins\/seo\/ -->\n<title>Biograf\u00eda - Grupalli Guitars<\/title>\n<meta name=\"robots\" content=\"noindex, follow, max-snippet:-1, max-image-preview:large, max-video-preview:-1\" \/>\n<meta property=\"og:locale\" content=\"es_ES\" \/>\n<meta property=\"og:type\" content=\"article\" \/>\n<meta property=\"og:title\" content=\"Biograf\u00eda - Grupalli Guitars\" \/>\n<meta property=\"og:description\" content=\"BIO Aprend\u00ed la construcci\u00f3n de guitarras en 1998 con los maestros lutieres Joaqu\u00edn Garc\u00eda Fern\u00e1ndez y Stephen Hill. Luego segu\u00ed mi formaci\u00f3n en la Universidad de San Miguel de Tucum\u00e1n en Argentina y en 2009 obtuve mi diploma de lutier en la escuela de Newark en Trent (Inglaterra). \u00a0 La obra de ciertos grandes maestros me inspir\u00f3 para construir mis guitarras (Antonio de Torres, Herman Hauser I, Ignacio Fleta). Utilizo m\u00e9todos tradicionales y maderas antiguas para fabricar mis guitarras. \u00a0 Eleg\u00ed establecerme en la ciudad de Mirecourt, Francia, por su rica historia en la fabricaci\u00f3n de instrumentos de cuerda.\" \/>\n<meta property=\"og:url\" content=\"https:\/\/grupalliguitars.com\/espanol\/biografia\/\" \/>\n<meta property=\"og:site_name\" content=\"Grupalli Guitars\" \/>\n<meta property=\"article:modified_time\" content=\"2025-05-03T04:33:46+00:00\" \/>\n<meta property=\"og:image\" content=\"https:\/\/grupalliguitars.com\/espanol\/wp-content\/uploads\/2025\/04\/bio_-1-805x1024.png\" \/>\n\t<meta property=\"og:image:width\" content=\"805\" \/>\n\t<meta property=\"og:image:height\" content=\"1024\" \/>\n\t<meta property=\"og:image:type\" content=\"image\/png\" \/>\n<meta name=\"twitter:card\" content=\"summary_large_image\" \/>\n<meta name=\"twitter:label1\" content=\"Tiempo de lectura\" \/>\n\t<meta name=\"twitter:data1\" content=\"1 minuto\" \/>\n<script type=\"application\/ld+json\" class=\"yoast-schema-graph\">{\"@context\":\"https:\/\/schema.org\",\"@graph\":[{\"@type\":\"WebPage\",\"@id\":\"https:\/\/grupalliguitars.com\/espanol\/biografia\/\",\"url\":\"https:\/\/grupalliguitars.com\/espanol\/biografia\/\",\"name\":\"Biograf\u00eda - Grupalli Guitars\",\"isPartOf\":{\"@id\":\"https:\/\/grupalliguitars.com\/espanol\/#website\"},\"primaryImageOfPage\":{\"@id\":\"https:\/\/grupalliguitars.com\/espanol\/biografia\/#primaryimage\"},\"image\":{\"@id\":\"https:\/\/grupalliguitars.com\/espanol\/biografia\/#primaryimage\"},\"thumbnailUrl\":\"https:\/\/grupalliguitars.com\/espanol\/wp-content\/uploads\/2025\/04\/bio_-1-768x977.png\",\"datePublished\":\"2025-04-23T09:58:26+00:00\",\"dateModified\":\"2025-05-03T04:33:46+00:00\",\"breadcrumb\":{\"@id\":\"https:\/\/grupalliguitars.com\/espanol\/biografia\/#breadcrumb\"},\"inLanguage\":\"es\",\"potentialAction\":[{\"@type\":\"ReadAction\",\"target\":[\"https:\/\/grupalliguitars.com\/espanol\/biografia\/\"]}]},{\"@type\":\"ImageObject\",\"inLanguage\":\"es\",\"@id\":\"https:\/\/grupalliguitars.com\/espanol\/biografia\/#primaryimage\",\"url\":\"https:\/\/grupalliguitars.com\/espanol\/wp-content\/uploads\/2025\/04\/bio_-1.png\",\"contentUrl\":\"https:\/\/grupalliguitars.com\/espanol\/wp-content\/uploads\/2025\/04\/bio_-1.png\",\"width\":1200,\"height\":1527},{\"@type\":\"BreadcrumbList\",\"@id\":\"https:\/\/grupalliguitars.com\/espanol\/biografia\/#breadcrumb\",\"itemListElement\":[{\"@type\":\"ListItem\",\"position\":1,\"name\":\"Portada\",\"item\":\"https:\/\/grupalliguitars.com\/espanol\/\"},{\"@type\":\"ListItem\",\"position\":2,\"name\":\"Biograf\u00eda\"}]},{\"@type\":\"WebSite\",\"@id\":\"https:\/\/grupalliguitars.com\/espanol\/#website\",\"url\":\"https:\/\/grupalliguitars.com\/espanol\/\",\"name\":\"Grupalli Guitars\",\"description\":\"\",\"potentialAction\":[{\"@type\":\"SearchAction\",\"target\":{\"@type\":\"EntryPoint\",\"urlTemplate\":\"https:\/\/grupalliguitars.com\/espanol\/?s={search_term_string}\"},\"query-input\":{\"@type\":\"PropertyValueSpecification\",\"valueRequired\":true,\"valueName\":\"search_term_string\"}}],\"inLanguage\":\"es\"}]}<\/script>\n<!-- \/ Yoast SEO plugin. -->","yoast_head_json":{"title":"Biograf\u00eda - Grupalli Guitars","robots":{"index":"noindex","follow":"follow","max-snippet":"max-snippet:-1","max-image-preview":"max-image-preview:large","max-video-preview":"max-video-preview:-1"},"og_locale":"es_ES","og_type":"article","og_title":"Biograf\u00eda - Grupalli Guitars","og_description":"BIO Aprend\u00ed la construcci\u00f3n de guitarras en 1998 con los maestros lutieres Joaqu\u00edn Garc\u00eda Fern\u00e1ndez y Stephen Hill. Luego segu\u00ed mi formaci\u00f3n en la Universidad de San Miguel de Tucum\u00e1n en Argentina y en 2009 obtuve mi diploma de lutier en la escuela de Newark en Trent (Inglaterra). \u00a0 La obra de ciertos grandes maestros me inspir\u00f3 para construir mis guitarras (Antonio de Torres, Herman Hauser I, Ignacio Fleta). Utilizo m\u00e9todos tradicionales y maderas antiguas para fabricar mis guitarras. \u00a0 Eleg\u00ed establecerme en la ciudad de Mirecourt, Francia, por su rica historia en la fabricaci\u00f3n de instrumentos de cuerda.","og_url":"https:\/\/grupalliguitars.com\/espanol\/biografia\/","og_site_name":"Grupalli Guitars","article_modified_time":"2025-05-03T04:33:46+00:00","og_image":[{"width":805,"height":1024,"url":"https:\/\/grupalliguitars.com\/espanol\/wp-content\/uploads\/2025\/04\/bio_-1-805x1024.png","type":"image\/png"}],"twitter_card":"summary_large_image","twitter_misc":{"Tiempo de lectura":"1 minuto"},"schema":{"@context":"https:\/\/schema.org","@graph":[{"@type":"WebPage","@id":"https:\/\/grupalliguitars.com\/espanol\/biografia\/","url":"https:\/\/grupalliguitars.com\/espanol\/biografia\/","name":"Biograf\u00eda - Grupalli Guitars","isPartOf":{"@id":"https:\/\/grupalliguitars.com\/espanol\/#website"},"primaryImageOfPage":{"@id":"https:\/\/grupalliguitars.com\/espanol\/biografia\/#primaryimage"},"image":{"@id":"https:\/\/grupalliguitars.com\/espanol\/biografia\/#primaryimage"},"thumbnailUrl":"https:\/\/grupalliguitars.com\/espanol\/wp-content\/uploads\/2025\/04\/bio_-1-768x977.png","datePublished":"2025-04-23T09:58:26+00:00","dateModified":"2025-05-03T04:33:46+00:00","breadcrumb":{"@id":"https:\/\/grupalliguitars.com\/espanol\/biografia\/#breadcrumb"},"inLanguage":"es","potentialAction":[{"@type":"ReadAction","target":["https:\/\/grupalliguitars.com\/espanol\/biografia\/"]}]},{"@type":"ImageObject","inLanguage":"es","@id":"https:\/\/grupalliguitars.com\/espanol\/biografia\/#primaryimage","url":"https:\/\/grupalliguitars.com\/espanol\/wp-content\/uploads\/2025\/04\/bio_-1.png","contentUrl":"https:\/\/grupalliguitars.com\/espanol\/wp-content\/uploads\/2025\/04\/bio_-1.png","width":1200,"height":1527},{"@type":"BreadcrumbList","@id":"https:\/\/grupalliguitars.com\/espanol\/biografia\/#breadcrumb","itemListElement":[{"@type":"ListItem","position":1,"name":"Portada","item":"https:\/\/grupalliguitars.com\/espanol\/"},{"@type":"ListItem","position":2,"name":"Biograf\u00eda"}]},{"@type":"WebSite","@id":"https:\/\/grupalliguitars.com\/espanol\/#website","url":"https:\/\/grupalliguitars.com\/espanol\/","name":"Grupalli Guitars","description":"","potentialAction":[{"@type":"SearchAction","target":{"@type":"EntryPoint","urlTemplate":"https:\/\/grupalliguitars.com\/espanol\/?s={search_term_string}"},"query-input":{"@type":"PropertyValueSpecification","valueRequired":true,"valueName":"search_term_string"}}],"inLanguage":"es"}]}},"_links":{"self":[{"href":"https:\/\/grupalliguitars.com\/espanol\/wp-json\/wp\/v2\/pages\/60","targetHints":{"allow":["GET"]}}],"collection":[{"href":"https:\/\/grupalliguitars.com\/espanol\/wp-json\/wp\/v2\/pages"}],"about":[{"href":"https:\/\/grupalliguitars.com\/espanol\/wp-json\/wp\/v2\/types\/page"}],"author":[{"embeddable":true,"href":"https:\/\/grupalliguitars.com\/espanol\/wp-json\/wp\/v2\/users\/1"}],"replies":[{"embeddable":true,"href":"https:\/\/grupalliguitars.com\/espanol\/wp-json\/wp\/v2\/comments?post=60"}],"version-history":[{"count":12,"href":"https:\/\/grupalliguitars.com\/espanol\/wp-json\/wp\/v2\/pages\/60\/revisions"}],"predecessor-version":[{"id":256,"href":"https:\/\/grupalliguitars.com\/espanol\/wp-json\/wp\/v2\/pages\/60\/revisions\/256"}],"wp:attachment":[{"href":"https:\/\/grupalliguitars.com\/espanol\/wp-json\/wp\/v2\/media?parent=60"}],"curies":[{"name":"wp","href":"https:\/\/api.w.org\/{rel}","templated":true}]}}